)*(-7 + -1 - -3). Is (-19)/(-3) - (-1)/v prime?
False
Let l = -16 + 44. Suppose 2*h = h + l. Let w = 43 - h. Is w a composite number?
True
Let g(v) = -20*v + 2. Let f(s) = -s**3 + s**2 + s - 2. Let r be f(2). Let u be g(r). Let n = u - 45. Is n a composite number?
False
Let j = 32090 + -15757. Is j a composite number?
False
Let q = 965 - 455. Suppose 0 = 5*h + 20, 2*n + h = -h + q. Is n composite?
True
Suppose -8*l - 7311 = -11*l. Is l prime?
True
Let m(q) = 123 - 60*q + 33*q + 28*q. Let f(x) = x**2 - 1. Let r be f(1). Is m(r) composite?
True
Let c(o) = -68*o + 24*o - 9 + 5*o**2 + 53*o. Suppose -j - j = -2*d + 30, -3*j - 65 = -5*d. Is c(d) a composite number?
True
Let g = -94 - -28. Let x = g + 175. Is x a prime number?
True
Is (-884)/(-3) - ((-102)/(-18) - 6) a prime number?
False
Let w be (-2866)/(-3) + (-4)/12. Suppose 1370 + w = -5*h + 5*o, -2*h = 5*o + 965. Let g = 877 + h. Is g composite?
True
Let v(b) = -2*b**3 + 4*b**2 + 3*b + 5. Let p = 22 + -26. Is v(p) a composite number?
True
Is (-2)/3*(-83540)/40*3 a composite number?
False
Is -2342*(26/(-169) - (-278)/(-52)) composite?
True
Suppose -17993 = 2*t + 5*r, -5*t - 3*r = 33443 + 11587. Is t/(-35) - (3/(-5) + 1) prime?
True
Suppose -p + 1523 = 190. Suppose 4*v - p = 1447. Suppose 0 = 4*j - 3*n - 556, 0 = -5*j + 2*n + n + v. Is j a prime number?
True
Let v(q) = 133*q**2 - 20*q + 81. Is v(16) a composite number?
False
Let s be (4 + 6)*(-2)/(-4). Let z = s + 69. Is (2/2)/(2/z) a composite number?
False
Let r = 2 + 1. Let d(n) = -n**3 + 4*n**2 - 3*n. Let i be d(r). Suppose 0 = -4*j + x + 293, i = -0*j - j - 3*x + 83. Is j a composite number?
True
Suppose 0 = x - 4*c - 18, 3*x - c = -4*c - 6. Is 4/((-100)/(-11015))*(x - -3) a prime number?
True
Suppose -3*b = 5*p - 27, 0 = -2*p + 5*b - 6*b + 10. Let u(d) = 152*d**2 + 4*d - 19. Is u(p) prime?
True
Suppose -2*i + 39934 = 12730. Is i/24 + 6/(-8) a prime number?
False
Suppose -2*u + 5*z - 16 = 0, -5*z = 3*u + u - 28. Let r(c) = 0*c**2 + c**u + 45*c**3 + 11 - 44*c**3. Is r(0) composite?
False
Let v be 0/(-2) + 10/5. Is (0 + -2)/(v/(-347)) a prime number?
True
Suppose -5*n - 63 = 2*n. Is -5703*1/(-27) - (-2)/n a composite number?
False
Let x = 342 + 56. Let u(t) = 198*t**3 + t**2 - 2*t + 1. Let v be u(1). Suppose -4*g + x = -v. Is g a prime number?
True
Suppose 19 + 3 = 2*a. Suppose -4*i + a + 9 = 0. Suppose -1277 = -2*d + i*p, -1064 - 862 = -3*d - 3*p. Is d prime?
True
Let h(w) = 161*w**2 - 5*w - 1. Suppose -3*b - 21 + 7 = -4*z, 2*z = -5*b - 6. Is h(b) a composite number?
False
Suppose -5*a + 124 = -a. Let h(d) = -d**3 - d**2 + 3*d + 2. Let p be h(-2). Suppose l - 126 + a = p. Is l a prime number?
False
Let h(x) = -x**3 + 3*x**2 + 4*x + 2. Let w be h(4). Suppose -w*z = 2*z. Suppose z = 3*q - 0*q - 993. Is q composite?
False
Let i = 1313 + 432. Is i a composite number?
True
Let s(q) be the first derivative of 2/3*q**3 - 6*q - 4 + 5/2*q**2. Is s(7) a composite number?
False
Let i(d) = d**2 + 2*d - 3. Let y be i(2). Is -3 + (126 + 4)/y composite?
False
Suppose -12*q - 6 = -14*q. Suppose q*f = -7 - 2. Let i(m) = 20*m**2 - 3*m - 4. Is i(f) a composite number?
True
Let c(x) = 1183*x**3 - x**2 + 11*x - 14. Is c(3) a prime number?
False
Is 14/(-21) - (-1101008)/48 composite?
False
Let f(c) = 158*c. Let s be (2 + 4/(-4))*6. Let r be f(s). Suppose -2*d = -4*u + 2*d + r, 1165 = 5*u + 5*d. Is u a prime number?
False
Let w = 386 + 3753. Is w prime?
True
Let r(g) = g + 12. Let u be r(-12). Suppose 0 = -3*p + 5*q - 12, p + 0*q + 4*q - 13 = u. Is 15/(-30)*(p - 327) prime?
True
Let f(u) = 292*u**2 + 118*u + 569. Is f(-5) a prime number?
False
Let i = 12969 + 13546. Is i composite?
True
Suppose 3*o = -4*g + 25, -2*g + 2*o + 20 = 6*o. Suppose -4*f + k = -2*k - 492, 2*k + 246 = 2*f. Suppose 1 = g*x - f. Is x prime?
True
Suppose 28 = 3*j - 4*h, -3*j + 2*h - 3*h = -8. Suppose j*u - 5576 = 4*z, 2*u = -u + 5*z + 4192. Is u composite?
True
Suppose -4*d + 2*d - 396 = 0. Suppose 937 - 106 = -3*j. Let c = d - j. Is c a composite number?
False
Is ((-3)/(-6))/(16/25568) prime?
False
Suppose 0 = -3*l + 4*a - 107, -3*a - 155 = 5*l + 2*a. Is (17/(-3) + 2)*l composite?
True
Suppose 8*w + 29*v = 24*v + 35508, 2*w - 8894 = 3*v. Is w composite?
False
Let n = -50 + 50. Suppose n = 2*p - 6*p + 1916. Is p prime?
True
Suppose -190 = -0*i - 5*i. Suppose -i*t + 2708 = -34*t. Is t composite?
False
Suppose 2*g - 3*z + 3 = 0, -3*g = -4*z + 3*z + 1. Suppose g = l - n, 0 = -3*l + 2*n + 3 + 2. Let c(f) = 37*f - 4. Is c(l) prime?
True
Let i(r) = 1122*r**2 - 25*r + 84. Is i(5) prime?
False
Let j(b) = 217*b - 3. Let r(p) = -p + 1. Let h(o) = j(o) + 4*r(o). Let t(f) = 212*f + 1. Let i(d) = -6*h(d) + 5*t(d). Is i(-1) a composite number?
True
Let f = 1 - -3. Is f*-97*(-1)/4 prime?
True
Let u be -1749 + -1 + (5 - 9). Let q = 3933 + u. Is q a prime number?
True
Let g(m) = 2*m**2 - 15*m - 9. Let i be g(11). Suppose 15 - i = -w. Is w a prime number?
True
Let v(w) = 120*w**2 - 15*w - 166. Is v(-15) composite?
False
Let t = 53 - 89. Let o be (-8)/t + 25/9. Is o*677/9*3 prime?
True
Suppose 11*y - 12 = 8*y. Suppose m - y*m + 1257 = 0. Is m prime?
True
Suppose -3*q + 8580 + 1173 = 0. Is q a prime number?
True
Is (477 - -2)*(-11 - -12) prime?
True
Let i(a) = 2 - 265*a + 34*a - 145*a + 19. Is i(-5) prime?
True
Suppose 4*l + 5 = 5*y + 37, 5 = 3*l + y. Suppose -l*x = -4*j - 1497, -j = x + 53 - 552. Is x prime?
True
Is (-26)/52*(-16919 - -1) a composite number?
True
Suppose 10 = k + 4*k. Is 1*2*(5427/k + 5) prime?
True
Suppose 0 = -5*i - 5*w - 15, -18*i + 13*i - 25 = 3*w. Let j(g) = 2*g**2 + 15*g + 6. Let z(y) = -y - 1. Let f(q) = j(q) + 3*z(q). Is f(i) a prime number?
False
Let t(b) = 26*b**2 + 16*b + 49. Is t(-6) a composite number?
True
Let c(k) = -k - 7. Let z be c(-11). Suppose 4*y = -2*t - 11 + 3, -2*y - 6 = 0. Suppose 43 = p + z*d, 3*p + p - t*d = 118. Is p prime?
True
Suppose -64*z = -341375 + 105663. Is z prime?
False
Suppose -4*b = 2*v - 746, b - 344 - 33 = -v. Is v prime?
False
Let a = -1983 + 3326. Is a composite?
True
Suppose -6*l - 2 = -7*l. Let u be -4 + (l/(-2) - 238). Is u/(-7) - 6/(-21) prime?
False
Suppose 0 = 3*m + 2*m - 10. Is 1/(179/89 - m) a composite number?
False
Suppose -4*n - 4 = -3*m, n = -2*n - 2*m + 14. Suppose -n*i = -1 - 5, u + i - 1112 = 0. Is u composite?
False
Suppose -5*a = -a + 2*x - 51550, 0 = x + 3. Is a a composite number?
False
Let i = -11 + 9. Let q(x) = 5*x. Let u be q(i). Is (-2130)/u + 4/2 composite?
True
Let y(x) = -3*x**2 - 4*x - 2. Let q be y(-2). Let l be q/33 - 70/(-22). Suppose 57 - 235 = -p - c, -l*p - 5*c = -536. Is p prime?
False
Suppose 0 = -o - 4*x + 375, -x - 3*x + 1149 = 3*o. Let p = 1 - -2. Suppose 5*m + 0*m = -p*i + 644, o = 3*m + 2*i. Is m composite?
False
Is (588309/(-164))/((-14)/8 - -1) a composite number?
False
Let i(c) = 82*c + 87. Is i(16) prime?
True
Let n(d) = -21*d + 4. Let j(f) be the first derivative of f**4/4 + 10*f**3/3 + f**2/2 + 5*f - 5. Let z be j(-10). Is n(z) composite?
False
Suppose 5*l + 45 = -6*g + g, g + 57 = -5*l. Let y = l + 6. Is ((-9)/6)/(y/2348) a prime number?
True
Suppose 2*u + 2*r = 8, -u + 5*r + 2 = 4*r. Let x(f) = 74*f**2 + 8*f - 3. Is x(u) a prime number?
False
Let v(g) = 64*g + 11. Suppose x + 14 = 5*u + 48, -5*x + 5*u = -70. Is v(x) prime?
True
Suppose 2*b + 16 = -0*b. Is (-9236)/b*(1 - -1) a composite number?
False
Suppose 0 = -2*a - v + 20, -6*a + a - 2*v + 50 = 0. Suppose -15*l + 10495 = -a*l. Is l prime?
True
Suppose 3*x = 2*r - r - 10094, -2*x = 4*r - 40446. Is r prime?
False
Suppose -60819 - 111630 = -81*s. Is s a prime number?
True
Suppose 9*p = 30*p - 1694805. Is p composite?
True
Let x be (-1)/7 - 836/28. Is 18/x - (-5694)/15 composite?
False
Suppose -315073 = -664*r + 653*r. Is r prime?
True
Suppose -52 = o - 5*o - 2*r, -4*o + 60 = -2*r. Let n = o + -11. Is 14/1 - n/(-3) composite?
True
Let a = -36895 - -98846. Is a a prime number?
False
Let f(z) = 14*z**2 + 4*z**2 - 12*z**2 - 3. Is f(-8) prime?
False
Suppose -2*j - 2*j = -4, -3374 = -i - 3*j. Is i prime?
True
Let l = -2 - 4. Is l/(-51) + (-9531)/(-51) a composite number?
True
Let t(h) = -63*h - 112. Is t(-13) a composite number?
True
Suppose 3*k = 6*k - 2415. Suppose -4*g - 14 = -2*z, -z - 1 = -4*g - 10. Suppose -k = -z*q + 730. Is q a prime number?
True
